n).
-9
Let s(g) = -3*g + 88. Let u be -5 + 2 + 9 + -19 + 41. What is s(u)?
4
Suppose 0 = 18*m - 3*m - 60. Let q(z) = -4*z - m*z**2 - z + z**3 - 2*z**2 + 6*z - 2*z - 6. What is q(6)?
-12
Let x(a) = -80*a - 84*a - 78*a - 85*a - 5 + 338*a. Calculate x(0).
-5
Let n(h) be the first derivative of -3*h**2 + 30*h + 43. Let v be n(5). Let o(c) = -c**3 - c**2 - c - 8. Determine o(v).
-8
Let s(q) = 9*q - 25. Let y be s(12). Suppose 0 = 4*w - y + 75. Let n(u) = -4*u + 0*u**2 + 2 + u**2 + 1. Determine n(w).
-1
Let z(q) = -7*q**3 - 10*q**2 + 18*q - 19. Let l(f) = 3*f**3 + 5*f**2 - 9*f + 9. Let d(i) = -5*l(i) - 2*z(i). Let j = -5014 + 5007. Calculate d(j).
28
Suppose 1 + 9 = 5*n. Suppose 5*l = n*l. Let f be -1 - l/(7 + -3). Let v(a) = -a. Determine v(f).
1
Let i(v) = 2*v**3 - 177*v**2 + 758*v - 170. Let d be i(84). Let u(k) = 15*k + 11. Give u(d).
-19
Let i(y) = -2*y**3 + 3*y**2 - 25*y - 32. Let n(q) = q**3 - q**2 + 11*q + 14. Let s(x) = 4*i(x) + 9*n(x). Give s(-3).
1
Let a(j) = -19*j - 27. Let d be 6/15*3*10/2. Let f(w) = -5*w - 7 + 14*w + 14 + 6. Let l(s) = d*a(s) + 13*f(s). Determine l(-5).
-8
Suppose 6*t + 300 - 72 = 0. Let s = t + 40. Let o = s - -3. Let c(m) = m**3 - 4*m**2 - 5*m - 1. Determine c(o).
-1
Let k(o) = 0 + 6 - 4*o - o**3 + 2*o + 4*o**2. Let j be (12/(-15))/((-2)/3 - 7/(-15)). Give k(j).
-2
Let y(f) = -119 + 0*f**3 - 7*f**2 + f**3 + 121 - 30*f. Let u be y(10). Let s(j) = 3*j - 5 - j**2 + 2*j**2 - 1 + 3. Determine s(u).
7
Let v(s) = -6*s**3 + 9*s**2 + 3*s - 7. Let y(h) = -5*h**3 + 8*h**2 + 2*h - 5. Let f(n) = -6*v(n) + 7*y(n). Give f(2).
15
Let r be 1430/(-550) + 144/15. Let l(j) = 9*j - 55. Calculate l(r).
8
Let l(s) be the third derivative of -7/3*s**3 + 6*s**2 - 1 - 1/60*s**5 + 1/2*s**4 + 0*s. What is l(10)?
6
Let p(k) = 5*k + 1. Let q be ((-5)/2)/(((-234)/360)/13). Suppose 4*l + 168 = -4*w - 36, -3*l - 159 = 5*w. Let h = l + q. Give p(h).
11
Let g(t) be the second derivative of 67 + 1/3*t**3 - t**2 - 2*t. Determine g(3).
4
Let s(u) = u**3 - 5*u**2 + 10*u - 2. Let q be s(2). Suppose h - q = g + 8, -h + 50 = -5*g. Let r(k) = -k**3 - 8*k**2 + 10*k + 14. Determine r(g).
5
Let r = 59 + -58. Let i be r/(12/(-60)*(2 - 1)). Let f(x) = 2*x - 3. Let n(z) = 1. Let y(s) = -f(s) + 4*n(s). Calculate y(i).
17
Let v be (-12)/(12*16/128) - -2. Let u = 5 - 4. Let y(n) = 1 - 4 + u + n**2 + 6*n. Calculate y(v).
-2
Let z(q) = 35*q + 292. Let d be z(-8). Let l(n) = d - n - 2 + 4 + 1. What is l(0)?
15
Let z(s) = 2*s**2 + 17*s + 15. Let d = -1750 - -1742. What is z(d)?
7
Suppose -2*h - 2*b - 446 = 0, -b = 2*h - 271 + 720. Let m = -231 - h. Let a(w) = w**2 + 7*w - 1. Determine a(m).
-11
Let g(n) = -11*n + 11. Let q(h) = h**3 - 9*h**2 + 28*h - 154. Let w be q(8). Calculate g(w).
-55
Suppose 5*d + 95*f - 15 = 91*f, 22 = d - 3*f. Let l(h) = -2*h**2 + 13*h - 4. Give l(d).
-11
Let b(c) be the first derivative of -c**4/4 - 2*c**3 - c**2/2 + 2*c + 2686. Give b(-6).
8
Let x(m) = 24*m**2 + 284 - 71 - 29*m + 17*m**2 - 18*m**2 + m**3 + 11*m**2. What is x(-35)?
3
Suppose y + k + 3749 = 3787, 66 = 2*y + 4*k. Let g(q) = -q**3 + 44*q**2 - 41*q - 87. Determine g(y).
-1
Let c(r) = -13*r**2 - 3*r**3 - 5*r**2 - 1 + 18*r**2 - 6*r**2 + 7*r**2. Suppose 3 = -5*p + 13. Let d be (-2 - -1)/1 + p. Give c(d).
-3
Let g be (0 + 2/(-9))*(-20799)/4622. Let r(b) be the first derivative of -5*b**3/3 - 3*b**2/2 + 2*b + 5. Give r(g).
-6
Suppose 9*j - 112 = 1 - 41. Let r(g) = g**3 - 8*g**2 + 2*g - 3. What is r(j)?
13
Let c(l) = 2*l - 1. Let n(m) = m**2 - 5. Let h be n(-3). Suppose 5*o - h*z = -2, -2*z = 5*o - z - 13. Determine c(o).
3
Let q(k) = -7*k**2 - 399344*k**3 + 42 - 6*k + 20*k + 399343*k**3. Give q(-8).
-6
Suppose 2*u = d + 20, -2*u + 21 - 13 = 2*d. Suppose 2*j + 2 = 14. Suppose 0 = -j*v + u*v - 14. Let p(a) = -a**2 + 7*a - 4. Give p(v).
-4
Let o(m) = -m**2 + 22*m + 25. Let j be o(23). Let l(s) = 11*s**2 + 9*s - 22. Determine l(j).
40
Suppose -3*a = 5*z - 88, 7*z - 10*z - 12 = 0. Let u be (a/(12/(-4)))/2. Let q(p) = -3*p - 11. Give q(u).
7
Let j = -29 + 24. Let x(p) = -3*p**2 - 7*p - 1. Let b(f) = 8*f**2 + 17*f + 6. Let g(y) = b(y) + 3*x(y). What is g(j)?
-2
Let s be 8 + 2/(0 - (-6 + 4)). Let b(t) = -t**3 + s*t**2 - 2*t + 2 - 8*t**2 - 2*t**3. Calculate b(1).
-2
Let m(b) be the first derivative of b**4/12 - b**3/6 - 3*b**2/2 + 27*b + 79. Let r(t) be the second derivative of m(t). Let d = -4 + 1. What is r(d)?
-7
Let x be (((-2)/(-6))/1)/((-21)/(-1575)). Let g(p) = -15*p - 26 + 18*p + x. Calculate g(3).
8
Let p(y) = y**2 - 132*y + 123. Let n be p(131). Let t(o) = -2*o**3 - 17*o**2 - 5*o - 11. Give t(n).
-35
Let m(h) = -h**3 - 7*h**2 - 2*h + 34. Let n be m(-5). Let o(r) = r**3 + 6*r**2 - 3*r - 6. Determine o(n).
12
Let l(f) be the first derivative of 1/4*f**4 - 124 + 2*f**2 - 5/3*f**3 - f. Calculate l(3).
-7
Let y = -2228 + 2226. Let l(d) = -2*d**2 - 6*d + 2. What is l(y)?
6
Let m(f) be the first derivative of -f**5/12 + f**4/6 + 65*f**3 - f**2 - 222. Let r(y) be the third derivative of m(y). Give r(2).
-16
Let m = 36 + -21. Let a = 23 - m. Let f(y) = -a*y**2 + 0 + 3 - y**3 + y**2 - 5*y. Determine f(-6).
-3
Suppose 13 = 4*j + i - 2*i, -i = 5. Let r(u) = 0 - 3*u**3 + u**3 - j*u**2 - 1. Let b(l) = -4*l**3 - 75*l**2 + 11*l - 154. Let x be b(-19). What is r(x)?
7
Suppose 80 = 2*h + 2*h. Let m(l) = 43*l - 24*l - h*l + 13. Let b be m(9). Let k(d) = -d**2 + 2*d + 3. Determine k(b).
-5
Suppose 2*w = w + 63. Suppose 2*o + 57 - w = 0. Let d(r) = -4*r + 7. Let m(z) = 5*z - 7. Let k(j) = o*m(j) + 4*d(j). Determine k(7).
0
Let q(y) = -2*y**2 + 2*y + 149. Let l(z) = 3*z**2 - 2*z - 205. Let w(h) = -4*l(h) - 5*q(h). What is w(-7)?
-9
Suppose -526*l - 3199 = 38*l + 749. Let t(p) = p**2 - 30*p - 260. Determine t(l).
-1
Let q be -101 + 90 - 532/(-48). Let z(w) be the second derivative of 0 - 3*w**2 + q*w**4 - 7/6*w**3 - 22*w. What is z(6)?
-12
Let i(u) = 465 - 907 + 466 + 0*u - 8*u. Determine i(-2).
40
Let u be (24*22/(-484))/(2/(-11)). Suppose 5*i + 2*n = 6, -n = -2*i + n - 6. Let z(k) = 0*k + i*k + 2*k - 3. Calculate z(u).
9
Let y(i) = i**2 - 21. Suppose -22 = -4*k + 2*r, 13*r - 8*r = 4*k - 25. Determine y(k).
4
Let t = 29077/12 - 2423. Let p(r) be the second derivative of -12*r + 9/2*r**2 - 4/3*r**3 + 0 - t*r**4. Determine p(-8).
9
Let a(n) = -10 + 2 + 1 + 2*n - n**2. Let x(m) = 832*m - 136445. Let w be x(164). Determine a(w).
-10
Let k be (9/6)/((-2)/4). Let h(n) = -61*n**2 - 10*n + 3. Let m(f) = -33*f**2 - 5*f + 2. Let l(j) = 6*h(j) - 11*m(j). Calculate l(k).
-16
Let w(x) = 4 - 84*x - 4 - 86*x - 2 + 172*x. Calculate w(-8).
-18
Let s(r) = 2*r + 7. Let z(a) = -30*a - 203. Let o(m) = 14*m + 101. Let y(j) = -9*o(j) - 4*z(j). Let n be y(-15). Give s(n).
-7
Let p = -7858 - -7883. Let g(c) = c**3 - 23*c**2 - 52*c - 18. Determine g(p).
-68
Let u(j) be the second derivative of j**5/20 - 2*j**4/3 + 3*j**3/2 - 27*j**2/2 + 6606*j. Determine u(8).
45
Let o(x) = x**2 + x - 37. Let g be o(5). Let s(b) = b**2 + 5*b - 21. Let i be s(g). Let u(c) = c**2 + 8*c + 1. Determine u(i).
-6
Suppose 3 = u + 2*c - 3*c, 0 = -5*c. Suppose 2*w = 13 + u. Let y(n) = 5 + 5*n - 4 + w*n - 12*n - 5*n**2. Calculate y(-1).
-5
Let b(q) be the first derivative of q**3/3 - 2*q**2 + 2*q - 2690. Determine b(2).
-2
Suppose -16*x - 4*c - 23 = 45, -x - 4*c + 7 = 0. Let n(b) = -8*b - 24. Give n(x).
16
Let n(t) be the second derivative of -t**5/20 - t**4/6 + 7*t**3/3 - 9*t**2 - 5466*t. What is n(4)?
-58
Let m(h) be the second derivative of -1/2*h**3 + 0 + 154*h + 1/6*h**4 + 1/2*h**2. Determine m(2).
3
Let g(i) = -8*i**2 + i - 9. Let x(m) = -m**2 + 0*m**2 - 22 - 17 + 37. Let r(k) = g(k) - 4*x(k). Let q = -4 - -5. What is r(q)?
-4
Suppose -22*n - 3*j = -20*n + 8, 5*j + 22 = n. Let c(a) = -393 + 386 - 4*a - 4*a**n + 2*a**2. What is c(-5)?
-37
Let k(n) be the third derivative of 11*n**4/12 - 3*n**3/2 + 2*n**2 + 1305. Give k(6).
123
Let c(r) = 3*r + 3. Let k(o) = 2*o + 1. Let x(a) = -c(a) + 4*k(a). Give x(1).
6
Let w(s) = 121*s - 27. Let y(l) = -244*l + 49. Let t(v) = 11*w(v) + 6*y(v). Calculate t(-1).
130
Suppose -10*o = -5*o + 3*c + 6, 3*o - 2*c = -15. Let v(x) = 3*x**3 + 2*x**2 + 5*x - 4. Let l(w) = w**3 - w**2 + w. Let z(n) = 2*l(n) - v(n). Calculate z(o).
4
Let l(m) = 29970 - 14960 + m - 14981. What is l(0)?
29
Let k(c) = c**3 + 7*c**2 - 14*c - 14. Su